 - (-4)/6. Give o(a).
-11
Let y(i) = 5*i + 27. Let k be y(-5). Let o(v) = -2*v + 3. Determine o(k).
-1
Let n be (18 - 6)/(8/2). Let w(r) = r - 11. Let z(s) = 1. Let p(k) = -w(k) - 4*z(k). Calculate p(n).
4
Let m(s) = s**2 - 7*s + 11. Let l(a) = a - 1. Let y(q) = -5*l(q) - m(q). Calculate y(5).
-21
Let v(h) = -h**3 - h**2 - h. Let l(i) = -4*i**3 - 7*i**2 - 6*i - 4. Let u(o) = l(o) - 5*v(o). Calculate u(3).
2
Suppose -v = -4*u - 3*v - 16, -2*u + 5*v = 20. Let h(r) = -r - 5. What is h(u)?
0
Let s(p) = -p**3 - p**2 - p + 1. Suppose 2*r + 6 = 5*r. Suppose 26 = r*c - 4*b, -3*c + b + 4*b = -34. Let i = c - 5. Give s(i).
7
Suppose 16 = -4*z, 0*d - 2*d - 20 = 2*z. Let g(o) be the third derivative of -o**5/60 - o**4/6 - 3*o**2. Calculate g(d).
-12
Let w(d) be the third derivative of 0 + 1/8*d**4 + 0*d - 1/6*d**3 + 4*d**2. What is w(3)?
8
Let b(h) be the third derivative of h**4/6 - h**3/2 - 2*h**2. Suppose -24 = -5*m + 4*q, 3*q - 4 = -m - 3. What is b(m)?
13
Let d(u) = u**2 + 4*u + 1. Let j be 6/(-6*4/16). Give d(j).
1
Let j(v) = 11 + 18 - 28 - v. Calculate j(4).
-3
Let s(d) = 20*d**2 - 2*d - 14. Let m(f) = 7*f**2 - f - 5. Let a(t) = 17*m(t) - 6*s(t). Let r be (2/4)/(2/(-36)). Let i = 5 + r. What is a(i)?
3
Suppose p + 6 = -5*p. Let u(z) = 10*z**2 + z. What is u(p)?
9
Let i(m) = m**2 - 5. Suppose -2*d - 4*y + 8 = 0, 5 + 1 = -4*d + 3*y. Determine i(d).
-5
Let b(q) be the second derivative of q**4/12 - 7*q**3/6 + 2*q**2 + 8*q. What is b(7)?
4
Let j(p) = -11*p**2 - 27*p. Let z(h) = 13*h - 3*h**2 + 0*h + 8*h**2. Let v(l) = 6*j(l) + 13*z(l). Let b = -16 - -22. Calculate v(b).
6
Let h(j) = j**3 + j**2 + j - 3. Let n(q) = q**2 + 6*q + 3. Let m be n(-6). Let x = 3 - m. Let g be (2 + (-2 - x))/2. What is h(g)?
-3
Suppose -3*y + 9 = -9. Suppose -3*d = -3*z + 6, y*z - 2*z = 3*d + 11. Let c(h) = -5*h**2 - 3*h + 3 + 3*h**2 + 2*h**2 + h**2. What is c(d)?
3
Let f(g) = -g**3 - 5*g**2 - 2*g + 2. Let a(j) = 2*j - 13. Let l be a(10). Suppose 13 + l = -5*z. Give f(z).
-6
Suppose -3*w - 2*w = -10. Suppose -c - 2 = 2*q, -c + 2*c = -q + w. Let b(k) = -k + 11. Give b(c).
5
Let g(h) = 3*h + 2 - 3*h**2 + 4*h**2 - 5*h**2. Let c(s) = 5*s**2 - 3*s - 2. Let x(z) = 3*c(z) + 4*g(z). Suppose 10 = 5*b - 5*q, -7 = -3*b + q + 1. What is x(b)?
2
Let k(g) = 13*g - 1. Let s(o) = 15*o + 2. Let w(v) = 33*v - 4*v + 3 - 4 + 4. Let z(j) = -5*s(j) + 3*w(j). Let p(a) = 3*k(a) - 4*z(a). Determine p(1).
-8
Let u = -4 - -3. Let s(h) be the first derivative of 0*h + 7 - 1/2*h**2. Determine s(u).
1
Let g(h) = 6*h - 1. Suppose z - 16 = -2*j - j, 23 = -2*z + 5*j. Determine g(z).
5
Let r(h) = -h**2 - 9*h + 4. Let t be r(-8). Suppose 2*m = 5*m - t. Let l(y) be the first derivative of y**2 - 6*y - 2. Determine l(m).
2
Let t(g) be the first derivative of 2*g - 1/2*g**2 - 1/3*g**3 + 3 + 1/4*g**4. Determine t(-2).
-8
Let t(i) = -5*i + 4*i + 4 - 7. Calculate t(7).
-10
Let h(d) = 3*d**3 + 4*d**2 - 3*d + 6. Let l(p) = 4*p**3 + 5*p**2 - 3*p + 7. Let o(t) = 3*h(t) - 2*l(t). Give o(-3).
4
Let k(y) = y**2 + 7*y + 3. Let x be k(-6). Let l be -1 - -3 - 0/x. Let z(w) = -5*w**l + w**3 + 10 + 0*w**3 - 11 + 2*w. What is z(2)?
-9
Let u(n) = -n**3 - 9*n**2 + 2. Let c be u(-9). Suppose -4*a + c = -2. Let l be 2 - (a*-2 + 4). Let p(w) = w. Determine p(l).
0
Let w(n) be the third derivative of n**7/840 - n**6/72 + n**5/20 - n**4/24 + n**3/6 + 2*n**2. Let s(r) be the first derivative of w(r). Give s(4).
7
Let b(w) = -w - 10. Suppose 2*y - 4 = -0*y. Let u be (y - 4/2)*1. Determine b(u).
-10
Let a(f) = -f**3 - 6*f**2 - 6*f - 2. Suppose b = -5*m + 15, -13 + 53 = -4*b + 5*m. What is a(b)?
3
Let n(f) = -19*f**3 - 2*f - 1. Let p be n(-1). Suppose -2*s - 2*s = -p. Let b(k) = k + 2. Give b(s).
7
Let c(p) = -53*p**3 - 6*p**2 + 14*p. Let x(t) = -18*t**3 - 2*t**2 + 5*t. Let g(v) = -4*c(v) + 11*x(v). Calculate g(1).
15
Let a(q) = q**3 - 5*q**2 - 8*q + 3. Suppose 0 = -4*w + 8*w - 24. Give a(w).
-9
Let y(s) = 5*s**2 + 11*s - 17. Let k(l) = -l**2 - 2*l + 3. Let o(z) = -34*k(z) - 6*y(z). Give o(2).
20
Let w(r) = r - 4. Let t be w(6). Let d(v) = -2*v**2 + 3*v. Calculate d(t).
-2
Let u = -148 + 146. Let j(l) = -l**3 - 5*l**2 - 5*l - 3. Let n be j(-4). Let z(p) = -1 - n + p + 3. Calculate z(u).
-1
Let q be (-1)/3*30/2. Let j(t) = -t**2 - 6*t - 2. Determine j(q).
3
Let l(f) = -7*f**2 - f. Let q be l(-1). Let i(u) = -u**3 - 6*u**2 + u + 5. Determine i(q).
-1
Suppose 2*z + 8 = 3*o, 2*z = -3*o + 6 - 2. Let q(m) be the first derivative of 0*m**2 + m - 5/3*m**3 + 3. What is q(z)?
-4
Let k(w) = -w - 6. Let v = 53 - 57. Calculate k(v).
-2
Let h(r) = -5*r**2 + 2 + 2 - 4*r**3 + 3*r**3 - 3*r. Suppose 2*m + 3*j = 2, 6*m - 4*j = 3*m + 20. Suppose 8 = -3*d - m. Give h(d).
0
Suppose 0 = 2*z + 2 - 6. Let f(i) = -4*i**2 + 4*i - 4. Let v(m) = -3*m**2 + 3*m - 3. Let l(y) = -5*f(y) + 6*v(y). What is l(z)?
6
Let d(p) be the second derivative of -p**5/20 - 5*p**4/12 - 5*p**3/6 - 3*p**2 + 6*p. Determine d(-4).
-2
Let h(m) = -m**3 - 6*m**2 + m + 4. Let u be 12/(-4) + (-10)/2. Let z = -14 - u. Determine h(z).
-2
Let m(d) = d**3 + d**2 - 2*d + 2. Let o be (10/(-4))/(6/12). Let h be 2/(-5) - 12/o. Determine m(h).
10
Let d be (-4)/22 + 600/33. Suppose -2*o - 5*m - d = -4*o, 3*o + 11 = -2*m. Let q(l) = -5*l**2 + 1. Calculate q(o).
-4
Let d(j) = -10*j**2 + 6*j + 7. Let q be d(-1). Let r(p) = -p - 7. Give r(q).
2
Suppose 4*k - 2*z = -8, -17 = -2*k - 3*z - 5. Suppose k = f + 3*f. Let d(l) = -l**2 - l - 11. Calculate d(f).
-11
Let f(p) be the first derivative of p**7/840 - p**6/90 - p**5/24 + 5*p**4/24 - p**3 + 4. Let q(z) be the third derivative of f(z). Let u = 8 + -3. What is q(u)?
5
Let w(f) = -17 - 4*f**2 + f - 2*f**2 + 16. Determine w(1).
-6
Let t(g) be the third derivative of g**8/20160 + g**7/5040 - g**5/10 + 4*g**2. Let a(h) be the third derivative of t(h). What is a(-3)?
6
Let i(w) = -8*w + 19*w - 12*w - 1 + 4*w**2. What is i(-1)?
4
Let t(f) be the third derivative of 4*f**2 + 0*f - 5/6*f**3 + 1/60*f**5 + 0 + 1/8*f**4. What is t(-5)?
5
Let z(t) be the second derivative of t**4/12 + t**3/6 - 7*t**2/2 + 6*t. Let l be z(-3). Let c(q) = -16*q. What is c(l)?
16
Let g(m) = m + 2. Let k be g(2). Suppose 2*f = -0*f + k. Let x(q) = -2*q**2 + 4*q**2 - q**2 - 1 - 4*q. Give x(f).
-5
Let x(o) = o**2 - 4*o + 3. Let c be x(4). Suppose 4*i - c*i = -4*u - 12, 0 = -2*u + i. Let t(y) = 2*y + 1. What is t(u)?
-3
Let v(q) = -q**3 + 5*q**2 - 4*q. Let p(k) = k**2 + 8*k + 2. Let z = 3 + -10. Let m be p(z). Let d be (1 + 0)*(-20)/m. Determine v(d).
0
Let h(u) = u**2 + 2*u + 3. Let i be h(-2). Let v = i - 2. Let g(k) = 6*k**2 - k + 1. Let r(p) = 17*p**2 - 3*p + 3. Let f(z) = 11*g(z) - 4*r(z). Give f(v).
-2
Suppose -15 + 12 = -c. Let j(o) = -o**3 + 3*o**2 + o + 1. Give j(c).
4
Let a(i) = 3*i**2 - 7*i - i**2 + 6 - 3 - 5. Determine a(5).
13
Let q = 101 - 105. Let c(g) be the first derivative of -g**5/120 + g**3/3 + 2. Let k(d) be the third derivative of c(d). What is k(q)?
4
Let g(o) be the first derivative of -o**3/3 + 3*o**2/2 - 2*o + 2. Let l(j) = j**2 + 7*j + 3. Let i be l(-3). Let m = -5 - i. Calculate g(m).
-6
Let d(n) = -3*n + 4. Let j(v) = v. Let l(r) = d(r) + 2*j(r). Let b be l(9). Let x(o) = -o**3 - 6*o**2 - 8*o - 6. Calculate x(b).
9
Suppose 4*l - 32 = -0*l. Suppose -12 = 5*h + l. Let m(o) = o**2 + o - 1. Let n(f) = 7*f**2 + 10*f - 7. Let r(x) = -6*m(x) + n(x). Calculate r(h).
-1
Let j(m) = -5*m**3 + m**2 - m + 1. Let v(d) = d**3 - 7*d**2 - 8*d + 1. Let t be v(8). Determine j(t).
-4
Let x(q) be the second derivative of -q**2/2 - 3*q. Let w(b) = -b + 1. Let k(u) = w(u) + 3*x(u). Calculate k(-2).
0
Let i(b) = -144*b - 6 + 16 + 68*b + 75*b. Determine i(0).
10
Suppose -3 = u + 3. Let m = -4 - u. Let n(k) = -k + 2*k**3 - m*k - 4*k**2 - 3*k**3. Calculate n(-3).
0
Let g(z) be the third derivative of z**5/30 - 5*z**4/24 - z**3/2 - 24*z**2. Determine g(4).
9
Let i(p) = 3*p - 1 + 2*p**3 + 2*p**2 - 1 - 6*p. Let r = -252 - -250. Determine i(r).
-4
Let b(x) be the second derivative of -x**4/12 - 5*x**3/6 - 2*x**2 - 2*x. Let k(g) = g**2 + 6*g + 3. Let l be k(-2). What is b(l)?
-4
Let a = 4 - 2. Let t(h) = 0*h - 3*h + a - 2*h + 0*h. Calculate t(2).
-8
Let z(b) be the third derivative of b**6/120 + b**5/12 + b**4/6 - 5*b**3/6 + 15*b**2. What is z(-4)?
-5
Let g be 0/((-2)/3*3). Suppose 2*s + 1 + 3 = 